is divided by i?
15
Suppose -2*y + 73 = -39. Suppose -j = 2*j + 3*s - 39, 3*s = -4*j + y. Suppose -2*o + 23 + j = 0. Calculate the remainder when 59 is divided by o.
19
Let n = -232 - -470. Calculate the remainder when n is divided by 60.
58
Let c(d) = d**3 - 7*d**2 - 9*d + 16. Let k be c(7). What is the remainder when 38 is divided by -1 - 0/(-1) - (k - -26)?
18
Let z(c) = -c**3 + 5*c**2 - 3*c + 2. Let j = -8 - -12. Suppose 5 = -5*g - 5*k + 30, -2*g + 5*k = j. Calculate the remainder when 41 is divided by z(g).
8
Let u = 719 + 151. Calculate the remainder when u is divided by 9.
6
Calculate the remainder when 222 is divided by -6 - ((-253)/5 - (-4)/(-10)).
42
Suppose -5*k = -5*t + 9*t - 143, 0 = -3*k - 4*t + 81. Calculate the remainder when k is divided by 17.
14
Suppose -z - 3*z + y - 1508 = 0, -4*z - 4*y - 1508 = 0. Let j = -80 - z. Suppose 33 - j = -4*m. Calculate the remainder when m is divided by 23.
20
Let s = -104 - -74. What is the remainder when -1 - s - (-4 + 8) is divided by 9?
7
Let y(r) be the second derivative of r**3/3 + 12*r. What is the remainder when 15 is divided by y(3)?
3
Suppose -2*z + 29 + 7 = 0. Let o = z + 1. What is the remainder when o is divided by 10?
9
Suppose -x + 3*w - 23 = 0, -4*x + w - 38 - 21 = 0. Let s be ((-22)/(-8))/((-1)/8). Let r = x - s. Calculate the remainder when r is divided by 3.
2
Let z(s) = 2*s**3 + 5*s**2 - 11*s + 1. What is the remainder when 52 is divided by z(2)?
7
Let j be -5*(4 + (-93)/15). Suppose -l + j*l = 470. What is the remainder when l is divided by 10?
7
Let k be 1*3/(-6)*-12. Suppose j - k = -55. Let h = j - -76. Calculate the remainder when 78 is divided by h.
24
Suppose 2*h - 2*h = -h. Suppose 0 = -4*v, -5*v - 57 = -h*q - 3*q. Calculate the remainder when q is divided by 9.
1
Let u(m) = m**3 - m**2 + 3*m - 2. Let t = -18 + 22. Let n(s) = 2*s**2 - 7*s - 1. Let b be n(t). Calculate the remainder when u(b) is divided by 9.
7
Suppose -56 = -10*h - 16. Let v = 6 - -24. Suppose 2*q = -5*n + 10, v = 4*q - 3*n + 10. What is the remainder when q is divided by h?
1
Suppose 8*y - 11*y + 3*q = -162, q = -y + 52. Calculate the remainder when 203 is divided by y.
44
Let f = -48 + 129. Calculate the remainder when f is divided by 12.
9
Let z = 18 - -17. Let o = 39 + -44. Let j = o - -143. What is the remainder when j is divided by z?
33
Let x = 71 + -66. Suppose -p - 33 = -x*r, 23 = 5*r + 2*p - 16. What is the remainder when r is divided by 4?
3
Let v(i) = 29*i + 419. What is the remainder when v(0) is divided by 42?
41
Let f(c) = c**3 - c**2 - c + 33. Let p be f(0). Let t = 67 - p. What is the remainder when 99 is divided by t?
31
Let g be -3*(-4 + 33/9)*26. Suppose -19 + g = h. Calculate the remainder when 39 is divided by h.
4
Suppose 5*v + 54 + 126 = 0. Let x = v - -69. Suppose 5*k + x = 108. Calculate the remainder when 29 is divided by k.
14
Suppose q - 13 = -4*p, 2*p + 3*q = 6*p - 9. Let h(a) = -29*a - 23. What is the remainder when h(-1) is divided by p?
0
Suppose -7*u - 207 = -10*u. What is the remainder when 343 is divided by u?
67
Let p = 1 - -35. Let a = p + 10. Calculate the remainder when a is divided by 17.
12
Let r be 490/25*10/4. Let o = r + -23. Suppose -5*q + 92 = -153. What is the remainder when q is divided by o?
23
Let j = -10 + 14. Suppose -1 - 43 = -j*r. Suppose 6*h = 2*h + 84. Calculate the remainder when h is divided by r.
10
Suppose -84*t + 80*t = -12. Suppose 2*r - 36 = -t*v - 2, -3*v = 5*r - 49. Calculate the remainder when 15 is divided by v.
7
Let j(n) = 2*n**3 - 19*n**2 + 9*n + 25. Let c = -3 + 5. Suppose c*w - 13 = w. What is the remainder when j(9) is divided by w?
12
Let w(g) = -2*g**3 + 68*g**2 - 58*g + 45. What is the remainder when w(33) is divided by 24?
21
Let x = 409 - 378. What is the remainder when 121 is divided by x?
28
What is the remainder when 96 is divided by 282/3 + (3 - 1) + -3?
3
Suppose 5*g - 5*r = 110, 5*g + 4*r - 56 = 3*g. What is the remainder when g is divided by 17?
7
Suppose 2*q = -37*q + 117. What is the remainder when 172 is divided by q?
1
Let z(a) = a + 4. Let i be z(-2). Suppose -w + 9 = -h - 4*h, w + 5 = -i*h. Let t(o) = -12*o**3 + 2*o + 1. What is the remainder when t(w) is divided by 7?
4
Let x = 235 + -206. Calculate the remainder when x is divided by 6.
5
Let n(o) = 1 + o + 3*o - 5*o. Let d = -271 + 295. Calculate the remainder when d is divided by n(-8).
6
Suppose -4*o + 7*o = 108. Let g(h) = -5*h - 212. Calculate the remainder when o is divided by g(-45).
10
Let i be ((-48)/(-28))/(1/7). Suppose 28 = 4*n - r, -5*n + 4*n = -5*r + i. What is the remainder when (0 + 2/4)*28 is divided by n?
6
Let p = 37 - 28. Let w = p + -7. Suppose -w*o = -6*o + 200. Calculate the remainder when o is divided by 13.
11
Suppose 0 = -4*m + q + 101, -6*m + 2*q = -9*m + 73. Calculate the remainder when 47 is divided by m.
22
Suppose -2*x - 2*m - 14 = 0, 5*x + 3*m = -0*m - 27. Let n = -56 - -95. What is the remainder when n is divided by (-72)/x + (-3)/1?
18
What is the remainder when 50 is divided by 7 + (-7 - -2) - 15*-1?
16
Let r = -28 - -55. Calculate the remainder when 133 is divided by r.
25
Suppose -7*m + 3*m - 7 = -h, m - 140 = -5*h. Suppose 0 = -2*g + h - 9. Suppose 0*w - 100 = -4*w. What is the remainder when w is divided by g?
7
Let y be (-4 + 34)*(-3)/(-5). Calculate the remainder when 44 is divided by (-2)/24*-10*y.
14
Let d = -1 + 45. Calculate the remainder when 68 is divided by d.
24
Suppose -6*t - 9 = 87. Calculate the remainder when 131 is divided by (4 + (-68)/8)*t/6.
11
Suppose 0 = -4*t + 3*n + 60 + 178, 3*t - 193 = -5*n. What is the remainder when t is divided by 32?
29
Suppose -9*x = 49 - 598. Calculate the remainder when x is divided by (-1)/2*1*-26.
9
Suppose -4*x + 4*q + 60 = 0, -2*x - 5*q - 49 = -5*x. Calculate the remainder when 71 is divided by x.
6
Suppose -2*z = -2*p + 5*p - 345, 2*z - 5*p - 305 = 0. What is the remainder when z is divided by 28?
25
Let l(c) = -232*c - 1382. Let z(d) = -4 + 5 - 2 - 4*d. Calculate the remainder when z(-5) is divided by l(-6).
9
Let k(n) = -102*n + 10. Let t be k(-5). Suppose 191 = -7*o + t. What is the remainder when o is divided by 24?
23
Let n be 23/(3/(-12)*-4). Suppose v + o = n, 5*v - 4*o - 98 = 17. What is the remainder when 90 is divided by v?
21
Suppose 121 = 2*b + 3*s, 5*b + 4*s - 5*s = 345. Calculate the remainder when b is divided by 15.
8
Suppose -24 = -2*h + 2*c, -6*h - 3*c = -3*h - 48. Suppose -11*v = -h*v + 15. Suppose -4 = m, v*i + m - 23 = 28. Calculate the remainder when i is divided by 7.
4
Suppose 5*d = -3*z + 148, -z - 12 = 2*z. Suppose 5*m - 2*u - 160 = -0*u, 2*u = m - d. What is the remainder when 94 is divided by m?
30
Suppose -4*o = -4*b - 208, 4*o + 2*b = 122 + 74. Calculate the remainder when 125 is divided by o.
25
Let l(b) = 70*b**2 + 2*b. Let g be l(2). What is the remainder when g/(-6)*(-18)/12 - -1 is divided by 15?
12
Let q(k) = 2*k + 72. Calculate the remainder when q(-30) is divided by 5.
2
Suppose 56 = 8*p + 6*p. What is the remainder when 44 is divided by ((-2)/p)/((-679)/224 - -3)?
12
Let u = 110 - 72. Suppose 354 + u = 7*z. What is the remainder when 163 is divided by z?
51
Let l(h) = h**3 + 19*h**2 - 19*h + 86. What is the remainder when l(-20) is divided by 26?
14
Let q(d) = -2 + 4 - 31*d + 19*d. Calculate the remainder when q(-4) is divided by 11.
6
Let u(v) = v - 5 - 3 + 4 + 3. Let h be u(4). Suppose -5 = h*g - 35. What is the remainder when 37 is divided by g?
7
Let d = 99 + -92. Calculate the remainder when 8 is divided by d.
1
Suppose -10*j - 96 = -13*j. What is the remainder when 62 is divided by j?
30
Let p(z) = 4*z + 4. Let i be p(5). Suppose 8*x = 5*x + i. Let s(j) = 3*j**2 + 2*j + 4. What is the remainder when s(-2) is divided by x?
4
Let y(w) = 2*w - 10. Let o be y(8). Calculate the remainder when 53 is divided by (0 + 18/(-4))/((-1)/o).
26
Calculate the remainder when 155 is divided by (-1680)/(-276) + (-4)/46.
5
Suppose 63*b - 58*b = 5*w - 210, 2*b - 217 = -5*w. What is the remainder when 343 is divided by w?
42
Let v(p) = 2*p**2 - 5*p + 5. Let s = -9 + -1. What is the remainder when v(4) is divided by (-111)/(-15) - (-4)/s?
3
Let g = 102 + 417. Calculate the remainder when g is divided by 52.
51
Calculate the remainder when (-5